= 3*r**2 - 35*r - 10. Determine l(12).
2
Let p(i) = -2*i**2 + 5*i - 4. What is p(2)?
-2
Let a(z) = -z**3 - 3*z**2 + z - 5. Determine a(-3).
-8
Let j(r) = -8*r - 137. Give j(-20).
23
Let x(f) = f + 10. Calculate x(12).
22
Let q(w) = -9*w - 121. Determine q(-13).
-4
Let n(a) = a**3 - 9*a**2 - 11*a + 14. Give n(11).
135
Let m(i) = -i**2 + i + 3. What is m(0)?
3
Let o(k) = 3*k + 20. What is o(-10)?
-10
Let a(r) = 2*r - 8. What is a(3)?
-2
Let d(j) = -2*j**2 + 14*j - 16. Give d(14).
-212
Let j(w) = -8*w - 23. Give j(-14).
89
Let v(s) = s**2 + 52*s - 353. Give v(6).
-5
Let m(v) = 4*v + 12. Calculate m(-2).
4
Let x(a) = -4*a - 20. Give x(-6).
4
Let m(v) = 2*v**3 + 5*v**2 - 11*v + 3. Calculate m(-5).
-67
Let r(w) = w**3 + 14*w**2 - 12*w. What is r(-15)?
-45
Let r(z) = -z**2 - 6*z + 7. Determine r(8).
-105
Let s(d) = -2*d - 10. Calculate s(-3).
-4
Let k(v) = -v**3 - 5*v**2 - 2*v - 54. Give k(-6).
-6
Let j(d) = d**2 - 9*d - 11. Determine j(9).
-11
Let y(d) = -d - 23. Determine y(17).
-40
Let u(m) = -m**3 - 9*m**2 - m - 4. What is u(-4)?
-80
Let b(u) = 42*u - 1. What is b(-1)?
-43
Let k(p) = -2*p**3 - 3*p**2 + 4*p - 3. What is k(2)?
-23
Let g(y) = y**3 + 9*y**2 - 38*y + 24. What is g(-12)?
48
Let q(b) = -b**3 - 6*b**2 - 4*b - 260. Determine q(-9).
19
Let z(n) = -6*n + 9. What is z(2)?
-3
Let h(j) = -2*j**3 - 11*j**2 - j - 23. Calculate h(-6).
19
Let n(l) = l**3 + 5*l**2 + l + 4. Calculate n(-5).
-1
Let s(v) = v**3 - 23*v**2 + 24*v - 33. Determine s(22).
11
Let f(k) = -4*k - 61. Give f(-14).
-5
Let t(u) = -u**2 + 5*u - 7. Give t(6).
-13
Let j(v) = 4*v**2 - v - 3. Determine j(2).
11
Let v(t) = t**3 - 5*t**2 - 9*t + 25. Calculate v(5).
-20
Let z(q) = q**3 + 5*q**2 - 30*q - 106. What is z(-7)?
6
Let g(o) = o**3 + 7*o**2 - o + 7. What is g(-7)?
14
Let b(t) = -4*t + 31. Determine b(7).
3
Let x(i) = -i**2 + 3*i - 3. Calculate x(6).
-21
Let w(z) = 4*z**2 - 17*z - 11. Calculate w(5).
4
Let d(n) = n**3 + 4*n**2 - 8. Determine d(2).
16
Let m(c) = -3*c + 15. What is m(7)?
-6
Let s(a) = a**2 + 4*a - 1. Determine s(-5).
4
Let v(o) = -o**3 + 5*o**2 - 2*o - 6. What is v(5)?
-16
Let l(w) = w**3 - 4*w**2 - 2*w + 2. Calculate l(4).
-6
Let s(p) = 7*p**3 + 3*p**2 - p - 3. Calculate s(1).
6
Let l(a) = a**3 - 3*a**2 + a - 4. Calculate l(3).
-1
Let h(v) = -2*v**3 - 4*v**2 + 5*v - 1. Determine h(-4).
43
Let n(s) = -19*s + 302. Give n(16).
-2
Let c(q) = -7*q**3 - 9*q**2 + 20*q. Determine c(3).
-210
Let i(l) = -8*l**2 + 9*l - 5. Calculate i(1).
-4
Let d(s) = s**3 + 8*s**2 - 9*s - 11. What is d(-9)?
-11
Let d(j) = j**2 - 9*j + 9. Give d(6).
-9
Let k(i) = -5*i**3 - i**2 - 3*i + 2. Determine k(2).
-48
Let h(m) = -8*m + 96. What is h(11)?
8
Let s(h) = 3*h - 5. Calculate s(-5).
-20
Let p(c) = c**2 + 11*c - 29. Give p(-12).
-17
Let v(y) = -2*y + 14. Calculate v(0).
14
Let k(h) = -32*h + 136. What is k(5)?
-24
Let k(h) = h**3 + 8*h**2 - 19*h. Determine k(-10).
-10
Let z(m) = -m**3 + 6*m**2 - 7*m - 9. What is z(4)?
-5
Let u(m) = 4*m - 10. Determine u(7).
18
Let o(v) = v**3 + 9*v**2 - 2*v - 14. Calculate o(-9).
4
Let y(l) = 2*l - 3. What is y(3)?
3
Let s(f) = -f + 5. Calculate s(-7).
12
Let x(w) = -9*w - 17. Give x(6).
-71
Let v(c) = 8*c**3 + c**2 + 2*c. Give v(-2).
-64
Let j(c) = 9*c - 32. Give j(2).
-14
Let b(d) = d**3 - 2*d**2 + 2*d + 12. Give b(0).
12
Let q(u) = u**3 + u**2 - 32*u - 12. What is q(-6)?
0
Let v(c) = -c**2 + 49*c + 151. What is v(52)?
-5
Let d(l) = -2*l**3 - 29*l**2 + 84*l. Determine d(-17).
17
Let c(x) = -9*x**2 - 4*x - 3. What is c(-4)?
-131
Let n(p) = -5*p**2 + 9*p + 6. Calculate n(5).
-74
Let j(u) = u**3 + 2*u**2 - 4*u + 3. What is j(2)?
11
Let q(p) = -p - 9. Give q(-7).
-2
Let s(n) = -n**3 + 5*n**2 + n - 3. Calculate s(5).
2
Let w(m) = 3*m**2 + 35*m - 274. Calculate w(-17).
-2
Let m(c) = -c**2 - 11*c - 9. Give m(-8).
15
Let f(w) = -119*w**3 + 2*w**2 - 4*w + 2. Give f(1).
-119
Let c(r) = -r**2 + 50*r + 156. Calculate c(53).
-3
Let n(m) = m**2 + 10*m - 24. Give n(-11).
-13
Let w(s) = 132*s + 655. Calculate w(-5).
-5
Let t(o) = 32*o - 499. Give t(15).
-19
Let u(c) = -12*c - 85. Determine u(-7).
-1
Let v(f) = 2*f**3 + 47*f**2 + 27*f + 82. Give v(-23).
-10
Let i(v) = -v**3 + 9*v**2 - 5*v + 1. Give i(6).
79
Let f(x) = -5*x**2 + x + 3. Determine f(-3).
-45
Let m(v) = v**3 + 7*v**2 - 10. Give m(-7).
-10
Let u(f) = -6*f + 5. Calculate u(0).
5
Let q(z) = z. Calculate q(0).
0
Let n(v) = v**3 - 4*v**2 + 4*v - 2. Determine n(3).
1
Let y(b) = 5*b - 90. Calculate y(14).
-20
Let j(c) = -c**3 - 17*c**2 + 25*c - 28. Determine j(-18).
-154
Let g(b) = -2*b**2 + 7*b - 11. Give g(4).
-15
Let d(l) = 2*l**2 - 4*l + 9. What is d(5)?
39
Let u(c) = c**3 - 5*c**2 + 2*c + 1. What is u(3)?
-11
Let h(r) = -r**2 + 27*r + 198. Determine h(33).
0
Let q(x) = 5*x - 47. Determine q(11).
8
Let x(g) = g**3 - 5*g**2 - 1. Determine x(2).
-13
Let u(k) = 4*k**3 + k**2 - 2*k + 2. Determine u(2).
34
Let n(j) = j**2 - 2*j + 5. Give n(0).
5
Let y(c) = -c - 25. What is y(23)?
-48
Let a(t) = t**2 + 13*t + 20. Calculate a(-10).
-10
Let z(g) = 4*g - 19. Give z(7).
9
Let y(m) = m**3 - 11*m**2 - 78*m - 35. Determine y(16).
-3
Let q(t) = -2*t - 67. Give q(0).
-67
Let z(d) = d**2 + 4*d - 4. Determine z(-6).
8
Let z(p) = p**3 - 13*p**2 - 10*p - 28. What is z(14)?
28
Let b(h) = -47*h - 431. Calculate b(-9).
-8
Let s(a) = -a**2 + 18*a - 20. Calculate s(18).
-20
Let h(b) = -b + 13. Determine h(2).
11
Let w(t) = t**3 - 10*t**2 + 9*t - 12. Calculate w(9).
-12
Let h(t) = -3*t - 17. Determine h(3).
-26
Let b(l) = l**2 + 31*l - 44. What is b(-32)?
-12
Let p(o) = -2*o**3 + 10*o**2 + 12*o - 42. Calculate p(5).
18
Let s(k) = k**2 + 12*k + 18. Calculate s(-12).
18
Let g(r) = -r - 1. Give g(9).
-10
Let r(g) = -10*g + 33. Give r(12).
-87
Let k(i) = -i**2 - i + 7. Calculate k(0).
7
Let j(b) = -15*b + 80. Calculate j(6).
-10
Let o(k) = k + 5. Give o(0).
5
Let z(l) = l**2 - 12*l + 11. Give z(10).
-9
Let n(f) = -f**3 - 4*f**2 + 47*f + 22. Determine n(-9).
4
Let a(n) = 24*n + 122. Give a(-5).
2
Let y(z) = z - 3. Give y(7).
4
Let z(q) = q**2 - 11*q + 10. Determine z(9).
-8
Let c(m) = -m**2 + 12*m - 25. Calculate c(10).
-5
Let f(j) = j**2 + 22*j - 19. Determine f(-23).
4
Let h(u) = u**3 + 7*u**2 + 6*u - 3. Calculate h(-6).
-3
Let p(n) = -8*n + 5. Calculate p(1).
-3
Let p(n) = -6*n - 7. What is p(8)?
-55
Let i(q) = q**3 - q**2 + 2*q + 2. Calculate i(0).
2
Let n(o) = -o**2 - 27*o - 55. Determine n(-24).
17
Let d(o) = -o**3 + o**2 + 3*o + 2. Determine d(-1).
1
Let h(x) = 5*x + 13. Calculate h(-4).
-7
Let c(p) = -p**2 - 11*p - 1. Give c(-11).
-1
Let s(t) = t - 16. Determine s(5).
-11
Let c(i) = -i - 2. Give c(0).
-2
Let b(l) = l**3 + l**2 - 3*l + 10. Calculate b(-4).
-26
Let m(x) = -x**2 - 6*x - 5. Determine m(-4).
3
Let v(l) = l**3 - 8*l**2 + 3*l - 25. Determine v(8).
-1
Let b(q) = -q**3 - 23*q**2 - 40. What is b(-23)?
-40
Let y(k) = -13*k - 7. Determine y(6).
-85
Let c(k) = -k + 7. What is c(6)?
1
Let t(n) = -n + 4. What is t(23)?
-19
Let v(n) = n**2 + 66*n + 310. Calculate v(-5).
5
Let g(r) = r**2 + r - 19. Give g(-5).
1
Let x(d) = -2*d + 8. Give x(-10).
28
Let z(i) = 2*i**2 + 8*i + 13. Give z(-5).
23
Let i(s) = 76*s - 226. Give i(3).
2
Let s(r) = -r**2 + 20*r + 25. What is s(19)?
44
Let w(a) = a**2 + 4*a - 15. Determine w(-7).
6
Let s(y) = -10*y - 393. What is s(-40)?
7
Let b(r) = -r**3 - 6*r**2 + 16*r - 9. Give b(-8).
-9
Let v(h) = -2*h**2 - 20*h - 85. What is v(-4)?
-37
Let n(t) = -t - 14. Calculate n(5).
-19
Let q(h) = 29*h + 7. Determine q(-2).
-51
Let u(d) = -d**2 - 18*d + 64. What is u(3)?
1
Let q(v) = 2*v + 10. Calculate q(-9).
-8
Let k(z) = 3*z**3 - 4*z**2 - 2*z + 6. Give k(3).
45
Let l(d) = d**3 + 12*d**2 + 11*d + 12. Determine l(-11).
12
Let b(f) = -f**2 - f + 5. Give b(-7).
-37
Let t(f) = -f**3 - 2*f**2 + 2*f + 10. What is t(-3)?
13
Let p(b) = 21*b - 5. Calculate p(0).
-5
Let l(k) = 6*k**3 - 2*k**2 + 1. What is l(-1)?
-7
Let x(v) = -7*v - 19. Determine x(-11).
58
Let l(g) = g**3 - 7*g**2 + 4*g - 1. Give l(6).
-13
Let y(j) = -25*j**3 + j**2 + 2*j + 1. Calculate y(-1).
25
Let g(u) = 13*u + 59. Determine g(-5).
-6
Let i(u) = -5*u - 3. Give i(-7).
32
Let u(d) = -22*d**2 - 3*d - 2. Give u(-1).
-21
Let s(o) = -2*o - 2. Calculate s(-4).
6
Let j(p) = -p**2 + 10*p + 17. Calculate j(12).
-7
Let a(t) = 4*t**3 - 5*t**2 - t + 13. What is a